[INFO] cloning repository https://github.com/hjr3/pgsql-hal-rs
[INFO] running `Command { std: "git" "-c" "credential.helper=" "-c" "credential.helper=/workspace/cargo-home/bin/git-credential-null" "clone" "--bare" "https://github.com/hjr3/pgsql-hal-rs" "/workspace/cache/git-repos/https%3A%2F%2Fgithub.com%2Fhjr3%2Fpgsql-hal-rs", kill_on_drop: false }`
[INFO] [stderr] Cloning into bare repository '/workspace/cache/git-repos/https%3A%2F%2Fgithub.com%2Fhjr3%2Fpgsql-hal-rs'...
[INFO] running `Command { std: "git" "rev-parse" "HEAD", kill_on_drop: false }`
[INFO] [stdout] 01e5e4a7a3a83c946853f7a1a0643f1636b41b2b
[INFO] checking hjr3/pgsql-hal-rs against try#72f88fc4e9458f89516a0b8b0868f3718aec5b47 for pr-74989
[INFO] running `Command { std: "git" "clone" "/workspace/cache/git-repos/https%3A%2F%2Fgithub.com%2Fhjr3%2Fpgsql-hal-rs" "/workspace/builds/worker-11/source", kill_on_drop: false }`
[INFO] [stderr] Cloning into '/workspace/builds/worker-11/source'...
[INFO] [stderr] done.
[INFO] validating manifest of git repo https://github.com/hjr3/pgsql-hal-rs on toolchain 72f88fc4e9458f89516a0b8b0868f3718aec5b47
[INFO] running `Command { std: "/workspace/cargo-home/bin/cargo" "+72f88fc4e9458f89516a0b8b0868f3718aec5b47" "read-manifest" "--manifest-path" "Cargo.toml", kill_on_drop: false }`
[INFO] started tweaking git repo https://github.com/hjr3/pgsql-hal-rs
[INFO] finished tweaking git repo https://github.com/hjr3/pgsql-hal-rs
[INFO] tweaked toml for git repo https://github.com/hjr3/pgsql-hal-rs written to /workspace/builds/worker-11/source/Cargo.toml
[INFO] crate git repo https://github.com/hjr3/pgsql-hal-rs already has a lockfile, it will not be regenerated
[INFO] running `Command { std: "/workspace/cargo-home/bin/cargo" "+72f88fc4e9458f89516a0b8b0868f3718aec5b47" "fetch" "--locked" "--manifest-path" "Cargo.toml", kill_on_drop: false }`
[INFO] [stderr] error: the lock file /workspace/builds/worker-11/source/Cargo.lock needs to be updated but --locked was passed to prevent this
[INFO] [stderr] If you want to try to generate the lock file without accessing the network, use the --offline flag.
[INFO] the lockfile is outdated, regenerating it
[INFO] running `Command { std: "/workspace/cargo-home/bin/cargo" "+72f88fc4e9458f89516a0b8b0868f3718aec5b47" "generate-lockfile" "--manifest-path" "Cargo.toml" "-Zno-index-update", kill_on_drop: false }`
[INFO] running `Command { std: "/workspace/cargo-home/bin/cargo" "+72f88fc4e9458f89516a0b8b0868f3718aec5b47" "fetch" "--locked" "--manifest-path" "Cargo.toml", kill_on_drop: false }`
[INFO] [stderr]  Downloading crates ...
[INFO] [stderr]   Downloaded postgres-types v0.1.2
[INFO] [stderr]   Downloaded postgres v0.17.5
[INFO] [stderr]   Downloaded bech32 v0.6.0
[INFO] [stderr]   Downloaded bech32 v0.7.2
[INFO] [stderr]   Downloaded tokio-postgres v0.5.5
[INFO] [stderr]   Downloaded bitcoin_hashes v0.3.2
[INFO] [stderr]   Downloaded bitcoin_hashes v0.7.6
[INFO] [stderr]   Downloaded cc v1.0.41
[INFO] [stderr]   Downloaded secp256k1 v0.12.0
[INFO] [stderr]   Downloaded bitcoin v0.23.0
[INFO] [stderr]   Downloaded miniscript v0.12.0
[INFO] [stderr]   Downloaded secp256k1-sys v0.1.2
[INFO] [stderr]   Downloaded secp256k1 v0.17.2
[INFO] [stderr]   Downloaded shell-escape v0.1.5
[INFO] [stderr]   Downloaded postgres-protocol v0.5.2
[INFO] [stderr]   Downloaded base64-compat v1.0.0
[INFO] [stderr]   Downloaded hal v0.7.0
[INFO] [stderr]   Downloaded lightning-invoice v0.2.0
[INFO] running `Command { std: "docker" "create" "-v" "/var/lib/crater-agent-workspace/builds/worker-11/target:/opt/rustwide/target:rw,Z" "-v" "/var/lib/crater-agent-workspace/builds/worker-11/source:/opt/rustwide/workdir:ro,Z" "-v" "/var/lib/crater-agent-workspace/cargo-home:/opt/rustwide/cargo-home:ro,Z" "-v" "/var/lib/crater-agent-workspace/rustup-home:/opt/rustwide/rustup-home:ro,Z" "-e" "SOURCE_DIR=/opt/rustwide/workdir" "-e" "CARGO_TARGET_DIR=/opt/rustwide/target" "-e" "CARGO_HOME=/opt/rustwide/cargo-home" "-e" "RUSTUP_HOME=/opt/rustwide/rustup-home" "-w" "/opt/rustwide/workdir" "-m" "1610612736" "--user" "0:0" "--network" "none" "rustops/crates-build-env@sha256:d92eaeed33fa75130ca1ee6c8a01d1ffb62bac859dfdfb3450e3e5d1c0146529" "/opt/rustwide/cargo-home/bin/cargo" "+72f88fc4e9458f89516a0b8b0868f3718aec5b47" "metadata" "--no-deps" "--format-version=1", kill_on_drop: false }`
[INFO] [stdout] 18aeba1eb04688ec02793ed62e91351ff6be08165d09da0eeb162eddfb21b8fe
[INFO] [stderr] WARNING: Your kernel does not support swap limit capabilities or the cgroup is not mounted. Memory limited without swap.
[INFO] running `Command { std: "docker" "start" "-a" "18aeba1eb04688ec02793ed62e91351ff6be08165d09da0eeb162eddfb21b8fe", kill_on_drop: false }`
[INFO] running `Command { std: "docker" "inspect" "18aeba1eb04688ec02793ed62e91351ff6be08165d09da0eeb162eddfb21b8fe", kill_on_drop: false }`
[INFO] running `Command { std: "docker" "rm" "-f" "18aeba1eb04688ec02793ed62e91351ff6be08165d09da0eeb162eddfb21b8fe", kill_on_drop: false }`
[INFO] [stdout] 18aeba1eb04688ec02793ed62e91351ff6be08165d09da0eeb162eddfb21b8fe
[INFO] running `Command { std: "docker" "create" "-v" "/var/lib/crater-agent-workspace/builds/worker-11/target:/opt/rustwide/target:rw,Z" "-v" "/var/lib/crater-agent-workspace/builds/worker-11/source:/opt/rustwide/workdir:ro,Z" "-v" "/var/lib/crater-agent-workspace/cargo-home:/opt/rustwide/cargo-home:ro,Z" "-v" "/var/lib/crater-agent-workspace/rustup-home:/opt/rustwide/rustup-home:ro,Z" "-e" "SOURCE_DIR=/opt/rustwide/workdir" "-e" "CARGO_TARGET_DIR=/opt/rustwide/target" "-e" "CARGO_INCREMENTAL=0" "-e" "RUST_BACKTRACE=full" "-e" "RUSTFLAGS=--cap-lints=forbid" "-e" "CARGO_HOME=/opt/rustwide/cargo-home" "-e" "RUSTUP_HOME=/opt/rustwide/rustup-home" "-w" "/opt/rustwide/workdir" "-m" "1610612736" "--user" "0:0" "--network" "none" "rustops/crates-build-env@sha256:d92eaeed33fa75130ca1ee6c8a01d1ffb62bac859dfdfb3450e3e5d1c0146529" "/opt/rustwide/cargo-home/bin/cargo" "+72f88fc4e9458f89516a0b8b0868f3718aec5b47" "check" "--frozen" "--all" "--all-targets" "--message-format=json", kill_on_drop: false }`
[INFO] [stdout] 7612ee1ee797dc4a23c8857d584326c73e4b53e0f7e4317e4a1b829d4c9bf72c
[INFO] [stderr] WARNING: Your kernel does not support swap limit capabilities or the cgroup is not mounted. Memory limited without swap.
[INFO] running `Command { std: "docker" "start" "-a" "7612ee1ee797dc4a23c8857d584326c73e4b53e0f7e4317e4a1b829d4c9bf72c", kill_on_drop: false }`
[INFO] [stderr]     Blocking waiting for file lock on package cache
[INFO] [stderr]    Compiling libc v0.2.77
[INFO] [stderr]    Compiling syn v1.0.41
[INFO] [stderr]     Checking cfg-if v0.1.10
[INFO] [stderr]    Compiling typenum v1.12.0
[INFO] [stderr]    Compiling autocfg v1.0.1
[INFO] [stderr]    Compiling byteorder v1.3.4
[INFO] [stderr]    Compiling autocfg v0.1.7
[INFO] [stderr]     Checking rand_core v0.4.2
[INFO] [stderr]    Compiling version_check v0.9.2
[INFO] [stderr]    Compiling serde_derive v1.0.116
[INFO] [stderr]    Compiling serde v1.0.116
[INFO] [stderr]    Compiling cc v1.0.41
[INFO] [stderr]    Compiling getrandom v0.1.15
[INFO] [stderr]    Compiling maybe-uninit v2.0.0
[INFO] [stderr]    Compiling pin-project-internal v0.4.23
[INFO] [stderr]     Checking once_cell v1.4.1
[INFO] [stderr]     Checking ppv-lite86 v0.2.9
[INFO] [stderr]    Compiling proc-macro-hack v0.5.18
[INFO] [stderr]     Checking bytes v0.5.6
[INFO] [stderr]     Checking tinyvec v0.3.4
[INFO] [stderr]     Checking matches v0.1.8
[INFO] [stderr]     Checking opaque-debug v0.3.0
[INFO] [stderr]     Checking adler v0.2.3
[INFO] [stderr]     Checking byte-tools v0.3.1
[INFO] [stderr]     Checking cpuid-bool v0.1.2
[INFO] [stderr]     Checking subtle v1.0.0
[INFO] [stderr]     Checking gimli v0.22.0
[INFO] [stderr]     Checking rustc-demangle v0.1.16
[INFO] [stderr]     Checking smallvec v1.4.2
[INFO] [stderr]    Compiling bitflags v1.2.1
[INFO] [stderr]     Checking siphasher v0.3.3
[INFO] [stderr]    Compiling ryu v1.0.5
[INFO] [stderr]     Checking object v0.20.0
[INFO] [stderr]     Checking instant v0.1.6
[INFO] [stderr]     Checking scopeguard v1.1.0
[INFO] [stderr]     Checking fallible-iterator v0.2.0
[INFO] [stderr]     Checking md5 v0.7.0
[INFO] [stderr]     Checking lazy_static v1.4.0
[INFO] [stderr]     Checking fake-simd v0.1.2
[INFO] [stderr]     Checking opaque-debug v0.2.3
[INFO] [stderr]     Checking hex v0.3.2
[INFO] [stderr]     Checking bech32 v0.7.2
[INFO] [stderr]     Checking percent-encoding v2.1.0
[INFO] [stderr]     Checking bech32 v0.6.0
[INFO] [stderr]     Checking itoa v0.4.6
[INFO] [stderr]     Checking dtoa v0.4.6
[INFO] [stderr]     Checking shell-escape v0.1.5
[INFO] [stderr]     Checking futures-channel v0.3.5
[INFO] [stderr]     Checking lock_api v0.1.5
[INFO] [stderr]     Checking futures-task v0.3.5
[INFO] [stderr]     Checking rand_core v0.3.1
[INFO] [stderr]     Checking rand_jitter v0.1.4
[INFO] [stderr]     Checking unicode-bidi v0.3.4
[INFO] [stderr]     Checking block-padding v0.1.5
[INFO] [stderr]     Checking unicode-normalization v0.1.13
[INFO] [stderr]    Compiling num-traits v0.2.12
[INFO] [stderr]    Compiling miniz_oxide v0.4.2
[INFO] [stderr]    Compiling num-integer v0.1.43
[INFO] [stderr]    Compiling generic-array v0.14.4
[INFO] [stderr]    Compiling rand_pcg v0.1.2
[INFO] [stderr]    Compiling rand_chacha v0.1.1
[INFO] [stderr]    Compiling rand v0.6.5
[INFO] [stderr]     Checking lock_api v0.4.1
[INFO] [stderr]     Checking phf_shared v0.8.0
[INFO] [stderr]     Checking yaml-rust v0.4.4
[INFO] [stderr]     Checking log v0.4.11
[INFO] [stderr]    Compiling proc-macro2 v1.0.21
[INFO] [stderr]     Checking rand_hc v0.1.0
[INFO] [stderr]     Checking rand_xorshift v0.1.1
[INFO] [stderr]     Checking rand_isaac v0.1.1
[INFO] [stderr]     Checking phf v0.8.0
[INFO] [stderr]     Checking smallvec v0.6.13
[INFO] [stderr]     Checking hashbrown v0.1.8
[INFO] [stderr]     Checking bitcoin_hashes v0.3.2
[INFO] [stderr]     Checking base64-compat v1.0.0
[INFO] [stderr]    Compiling secp256k1-sys v0.1.2
[INFO] [stderr]    Compiling secp256k1 v0.12.0
[INFO] [stderr]     Checking stringprep v0.1.2
[INFO] [stderr]     Checking iovec v0.1.4
[INFO] [stderr]     Checking net2 v0.2.35
[INFO] [stderr]     Checking rand_os v0.1.3
[INFO] [stderr]     Checking time v0.1.44
[INFO] [stderr]     Checking parking_lot_core v0.8.0
[INFO] [stderr]     Checking atty v0.2.14
[INFO] [stderr]     Checking jobserver v0.1.21
[INFO] [stderr]     Checking rand v0.4.6
[INFO] [stderr]    Compiling quote v1.0.7
[INFO] [stderr]     Checking rand_core v0.5.1
[INFO] [stderr]     Checking mio v0.6.22
[INFO] [stderr]     Checking clap v2.33.3
[INFO] [stderr]     Checking parking_lot v0.11.0
[INFO] [stderr]     Checking generic-array v0.12.3
[INFO] [stderr]     Checking rand_chacha v0.2.2
[INFO] [stderr]     Checking rand v0.7.3
[INFO] [stderr]     Checking addr2line v0.13.0
[INFO] [stderr]     Checking digest v0.8.1
[INFO] [stderr]     Checking crypto-mac v0.7.0
[INFO] [stderr]     Checking block-buffer v0.7.3
[INFO] [stderr]     Checking mio-uds v0.6.8
[INFO] [stderr]     Checking pbkdf2 v0.3.0
[INFO] [stderr]     Checking digest v0.9.0
[INFO] [stderr]     Checking block-buffer v0.9.0
[INFO] [stderr]     Checking crypto-mac v0.8.0
[INFO] [stderr]     Checking hmac v0.7.1
[INFO] [stderr]     Checking sha2 v0.8.2
[INFO] [stderr]     Checking tokio v0.2.22
[INFO] [stderr]     Checking hmac v0.8.1
[INFO] [stderr]     Checking sha2 v0.9.1
[INFO] [stderr]     Checking parking_lot_core v0.4.0
[INFO] [stderr]     Checking backtrace v0.3.50
[INFO] [stderr]     Checking parking_lot v0.7.1
[INFO] [stderr]     Checking postgres-protocol v0.5.2
[INFO] [stderr]     Checking once_cell v0.1.8
[INFO] [stderr]     Checking postgres-types v0.1.2
[INFO] [stderr]     Checking tokio-util v0.3.1
[INFO] [stderr]     Checking lightning-invoice v0.2.0
[INFO] [stderr]    Compiling synstructure v0.12.4
[INFO] [stderr]    Compiling futures-macro v0.3.5
[INFO] [stderr]    Compiling failure_derive v0.1.8
[INFO] [stderr]    Compiling async-trait v0.1.40
[INFO] [stderr]     Checking failure v0.1.8
[INFO] [stderr]     Checking tiny-bip39 v0.6.2
[INFO] [stderr]     Checking pin-project v0.4.23
[INFO] [stderr]     Checking futures-util v0.3.5
[INFO] [stderr]     Checking futures-executor v0.3.5
[INFO] [stderr]     Checking futures v0.3.5
[INFO] [stderr]     Checking tokio-postgres v0.5.5
[INFO] [stderr]     Checking bitcoin_hashes v0.7.6
[INFO] [stderr]     Checking secp256k1 v0.17.2
[INFO] [stderr]     Checking chrono v0.4.15
[INFO] [stderr]     Checking serde_yaml v0.8.13
[INFO] [stderr]     Checking serde_json v1.0.57
[INFO] [stderr]     Checking postgres v0.17.5
[INFO] [stderr]     Checking fern v0.5.9
[INFO] [stderr]     Checking bitcoin v0.23.0
[INFO] [stderr]     Checking miniscript v0.12.0
[INFO] [stderr]     Checking hal v0.7.0
[INFO] [stderr]     Checking pgsql-hal v0.1.0 (/opt/rustwide/workdir)
[INFO] [stdout] error[E0432]: unresolved import `hal::resource`
[INFO] [stdout]  --> src/lib.rs:6:10
[INFO] [stdout]   |
[INFO] [stdout] 6 | use hal::resource::Resource;
[INFO] [stdout]   |          ^^^^^^^^ could not find `resource` in `hal`
[INFO] [stdout] 
[INFO] [stdout] 
[INFO] [stdout] error[E0432]: unresolved import `postgres::Type`
[INFO] [stdout]  --> src/lib.rs:7:29
[INFO] [stdout]   |
[INFO] [stdout] 7 | use postgres::{Column, Row, Type};
[INFO] [stdout]   |                             ^^^^ no `Type` in the root
[INFO] [stdout] 
[INFO] [stdout] 
[INFO] [stdout] error[E0432]: unresolved import `hal::resource`
[INFO] [stdout]  --> src/lib.rs:6:10
[INFO] [stdout]   |
[INFO] [stdout] 6 | use hal::resource::Resource;
[INFO] [stdout]   |          ^^^^^^^^ could not find `resource` in `hal`
[INFO] [stdout] 
[INFO] [stdout] 
[INFO] [stdout] error[E0432]: unresolved import `postgres::Type`
[INFO] [stdout]  --> src/lib.rs:7:29
[INFO] [stdout]   |
[INFO] [stdout] 7 | use postgres::{Column, Row, Type};
[INFO] [stdout]   |                             ^^^^ no `Type` in the root
[INFO] [stdout] 
[INFO] [stdout] 
[INFO] [stdout] error: aborting due to 2 previous errors
[INFO] [stdout] 
[INFO] [stdout] 
[INFO] [stdout] For more information about this error, try `rustc --explain E0432`.
[INFO] [stdout] 
[INFO] [stderr] error: could not compile `pgsql-hal`.
[INFO] [stdout] error: aborting due to 2 previous errors
[INFO] [stdout] 
[INFO] [stdout] 
[INFO] [stderr] 
[INFO] [stdout] For more information about this error, try `rustc --explain E0432`.
[INFO] [stdout] 
[INFO] [stderr] To learn more, run the command again with --verbose.
[INFO] [stderr] warning: build failed, waiting for other jobs to finish...
[INFO] [stderr] error: build failed
[INFO] running `Command { std: "docker" "inspect" "7612ee1ee797dc4a23c8857d584326c73e4b53e0f7e4317e4a1b829d4c9bf72c", kill_on_drop: false }`
[INFO] running `Command { std: "docker" "rm" "-f" "7612ee1ee797dc4a23c8857d584326c73e4b53e0f7e4317e4a1b829d4c9bf72c", kill_on_drop: false }`
[INFO] [stdout] 7612ee1ee797dc4a23c8857d584326c73e4b53e0f7e4317e4a1b829d4c9bf72c
